 8/68 a prime number?
True
Let x = -48 + 51. Let s(i) = 9*i**2 + 1 + 11*i**x - 13*i**2 + i - 4*i**3. Is s(3) a composite number?
False
Is 3/(9/156057) - (-12 + 19 + -9) a composite number?
False
Is -11 - (-205350)/45*3 composite?
False
Let l = 38635 - 18130. Is 3/((-102480)/l + 1*5) a composite number?
False
Let c(j) = -2503*j**3 + 4*j + 4. Let x(s) = 2*s + 29. Let m be x(-15). Is c(m) composite?
False
Let h = -142 + 157. Suppose -h*i + 23*i = 10936. Is i prime?
True
Is (18 + -15)*(60/(-48) + (-4093521)/(-36)) a prime number?
True
Let g = 142049 + 167880. Is g a composite number?
False
Suppose -2*m + 60579 = 4*c + 9141, -c = 4*m - 12835. Is c prime?
False
Let q(l) = -17*l**2 + 8*l + 6. Let n(s) = -s**2 - 3*s - 1. Let c(x) = -3*n(x) - q(x). Is c(4) composite?
True
Let t(o) = -2378*o - 2. Let i be t(-6). Suppose 127*g + 181*g - 6343973 = -166417. Let u = g - i. Is u composite?
False
Suppose 0 = 4*t - 4*b - 16288, -40*b = -t - 35*b + 4068. Is t a prime number?
True
Let h(m) = 8*m - 20. Let f be h(4). Is ((-18)/f + 5)/((-3)/(-366)) prime?
False
Let d be 2/3*114/4. Suppose -t + d + 177 = 0. Let m = 341 - t. Is m prime?
False
Suppose 93*k = 65*k + 46*k - 2185308. Is k a prime number?
False
Suppose -652040 = -56*f + 48*f. Suppose 79*a = 74*a + f. Is a a composite number?
False
Suppose 4*x + 95 = 5*u, 0 = 5*u + 4*x + x - 50. Let o be (-2)/5 - (u/25 + -1). Suppose -18*p + 23*p - 2095 = o. Is p a composite number?
False
Suppose -2*x + 5*s + 325 = 0, -s = -x - 0*x + 170. Let k(g) = g**3 + 8*g**2 + 10*g + 3. Let a be k(-7). Let v = x + a. Is v composite?
False
Is (-13178817)/(-30) + (-23)/(-230) - 5 a prime number?
True
Let t(m) = 143*m - 17. Let w be t(-18). Let x = w - -6102. Is x a composite number?
False
Let o(t) = -8*t**2 + 15 - 53 + 10 + 9 + 80*t**3 + 2*t. Is o(5) a composite number?
False
Suppose -3*y + 601595 = -7*m + 12*m, 5*y = -m + 120319. Is m a prime number?
True
Suppose -4*z = 4*x - 1076396, -5*x + 111*z = 113*z - 1345495. Is x a prime number?
False
Let w(j) = 58*j**2 + 159*j - 3101. Is w(102) prime?
False
Suppose 19*h = 3*h + 29*h - 1592929. Is h prime?
True
Let x be 3848 + (144/6)/(-3). Suppose 5*b - x = 2965. Is b a prime number?
True
Let j(l) = -5*l - 28. Let v be j(-7). Suppose -2*y - 27 = v. Let o(f) = -215*f + 4. Is o(y) a prime number?
True
Let i(n) = -215*n - 153. Let p be i(5). Is -11 + 5 - (p + -9) a prime number?
True
Let j(q) = -6*q + 23. Let b be j(10). Let k = b - -40. Suppose -2*w = k*w - 1595. Is w composite?
True
Suppose -118*g = -143*g + 3511275. Suppose -17*d + g = -200008. Is d prime?
False
Let q(a) = 224*a**2 - 30*a + 1685. Is q(56) a prime number?
True
Let t be 5 - (2 - 4)/(-4 - -2). Suppose t*r = -3*w + 3901 + 2311, 0 = -r - 2*w + 1548. Suppose 6*c - 3778 = r. Is c composite?
True
Suppose 13489888 = -8*w + 6*w + 34*w. Is w a composite number?
False
Let o(i) = 51 + 1569*i + 256*i - 35. Is o(1) prime?
False
Let t be 24/42 - (-102)/42. Suppose 4*l + 16511 = t*i, i - 802 = 2*l + 4703. Is i a composite number?
False
Let g(z) = z**2 - 8*z. Let o be g(8). Let f(i) = -i**3 + 2*i**2 - 2*i + 2019. Is f(o) a prime number?
False
Suppose -5*c + 151431 = -69*n + 71*n, -2*n = -5*c + 151439. Is c a composite number?
True
Suppose -3*a - 18*a = -8291631 - 5348478. Is a prime?
True
Let q(l) = 2974*l + 4. Let v be q(-1). Let d be 1/5 - v/25. Let u = d - -300. Is u prime?
True
Let u = -12276 - -29058. Suppose 24*y - 27*y + u = 0. Suppose 5*o = -p + y, 0 = -3*p - 2*o + 5954 + 10789. Is p prime?
False
Let a(p) = -2363*p + 129. Let w be a(-6). Let u = w + -5642. Is u prime?
False
Suppose -446*m = -441*m - 47135. Is m a composite number?
True
Is ((-1)/2)/((-58)/99093116) a prime number?
False
Let p be (-1456096)/24 + 2 + (-35)/15. Let x = 99440 + p. Is x a composite number?
True
Suppose 0 = 8*b - 6*b - 1558. Let q = 468 + b. Is q a prime number?
False
Let r be (-8606)/(-13) - 0/3. Is (0 - -1)*(r + (-121)/(-11)) a composite number?
False
Let t = 3897 + -6431. Let f = t - -3673. Is f prime?
False
Let j(u) = 122*u - 1. Let m be j(-5). Suppose -2*z = 7*f + 9002, -44*f = -39*f - 4*z + 6392. Let y = m - f. Is y prime?
True
Suppose u = -4*b - 6, 0*u = 4*u - 3*b - 52. Suppose -u - 20 = -3*a. Let w(y) = 5*y**2 + 5*y - 9. Is w(a) a composite number?
False
Let d(z) = z**2 + 17*z + 18. Let s be d(-15). Let g be (2/s - (-3304)/(-48))*-11. Suppose -3*r + g = 2*w, -248 = -0*r - r + w. Is r a composite number?
False
Suppose 32*k - 807663 = 30*k - o, 4*k - o - 1615311 = 0. Is k a prime number?
True
Let m = 42885 - 20638. Is m a prime number?
True
Let t(k) = 9189*k + 1036. Is t(59) composite?
False
Let w(f) = -f**3 + 13*f**2 + 15*f - 18. Let k be w(10). Suppose -427*u + k*u = 22065. Is u composite?
True
Let n = 287389 + -144203. Is n composite?
True
Suppose -4*a + 431 = t, 5*a - t - 594 = -44. Let o = -51 + a. Let z = -19 + o. Is z a prime number?
False
Let d = 23822 + -1581. Is d prime?
False
Let u be (7/(-28))/(3/(-156)). Let y = 15 - u. Suppose -3*p + 4274 = i, -y*i - 8598 = -4*i + 4*p. Is i composite?
False
Is 1 + -1 + 580226 + (-1296)/144 composite?
True
Let p(z) = -2*z**2 - 16*z + 10. Let i be p(-9). Let j(u) = -6*u**3 - 5*u**2 + u - 22. Is j(i) prime?
False
Is 17 + 143/26*-2 - (-861134 + 1) composite?
False
Let n = -7222 - -60193. Is n prime?
False
Suppose 33*w + 1370976 = 129*w. Is w prime?
True
Is 7 - (-49136 - (11 - -3)) prime?
True
Suppose -15*f + 6*f + 36567 = 0. Let m = -1454 + f. Is m prime?
True
Is (-2)/(-8*(-4)/(-1388720)) a prime number?
False
Let s(a) = -2440*a + 2635. Is s(-7) a composite number?
True
Suppose -11*x + 7*x = -5*f + 729469, 3*f + 5*x = 437711. Is f a prime number?
True
Let c(q) = -44*q - 37. Suppose 0 = -r + 4, 4*r + 22 = 5*o + 3. Let t(u) = -u**3 + 6*u**2 + 6*u - 5. Let h be t(o). Is c(h) a composite number?
False
Let j(u) = -2 + 2*u**2 + 6*u + 4 + 4. Let b be j(-3). Is 14968/15 + b/45 prime?
False
Let l(d) = 136*d**2 + 58*d + 423. Is l(-44) a prime number?
True
Suppose -12*z + 15*z = 6, -2*z = -4*n + 16. Suppose -13*g - 4*u + 15944 = -9*g, -u + 19942 = n*g. Is g composite?
False
Let n = 18 - 18. Suppose n = 2*v + 5 + 1. Is (v - -213) + 1/1 prime?
True
Let r = 87 - 102. Let i = -19 - r. Is 6/9*3/i*-11582 a composite number?
False
Let w(d) be the third derivative of -1141*d**5/60 - d**4/24 + 25*d**2. Let k be w(1). Let o = 1379 - k. Is o composite?
False
Suppose 8*i - 65756 - 5180 = 0. Let o = i + -2064. Is o a prime number?
True
Let l = 75 - 19. Is (-38047)/(-7) - l/196 a composite number?
True
Let c(s) = -370*s - 66. Let j be c(-16). Is ((-19)/38)/((-1)/j) prime?
True
Let z = 56092 - -3597. Is z a composite number?
True
Suppose 5*v + 5*i - 55 + 0 = 0, -4*v + 35 = i. Let a be 3 + 1767/6*(v - 0). Suppose 0 = 3*y + 4*y - a. Is y prime?
True
Suppose -a = -5*n + 110, 4*n + 68 = 5*a + 177. Let p(r) = -r**3 + 21*r**2 - 2. Let l be p(n). Is 270*(-3 - -5) + l a composite number?
True
Let u = 65 - 64. Let v be (u - 21 - 3)*9. Let h = v - -646. Is h prime?
True
Let h(v) = -3*v + 21. Let k be h(5). Suppose 9 = -3*x + b - k, -x + 3*b = -3. Is 702/(-45)*15/x prime?
False
Let c(h) = -730*h**3 - 10*h**2 + 5*h - 4. Is c(-5) prime?
True
Is 16/(-192) - (-5 + 4051837/24)*-2 composite?
True
Let w = 1 + 4. Suppose -4*d = z - 9, w*d + 0*z = 5*z + 5. Suppose b - 2*b + 891 = d*a, -b = a - 448. Is a a composite number?
False
Suppose -y - 5*r + 56149 + 23120 = 0, -2*y + 158482 = 3*r. Is y composite?
False
Suppose -2*i + 349610 = -871*q + 874*q, 0 = -5*i - q + 873999. Is i a prime number?
True
Let x(r) = 1 - 2*r + 0 - 6 + 2. Let z be x(-4). Is ((-3434)/(-4))/(z/10) composite?
True
Let l = -66 - -78. Let r be (l/(-14))/((-9)/42). Let h(c) = 201*c + 14. Is h(r) a composite number?
True
Let g = -1330 + 658. Let l = g - -2133. Is l composite?
True
Let a(r) = -89*r - 1. Let v be a(19). Let p be ((-16)/(-24))/((-3)/v). Let w = 1945 + p. Is w prime?
False
Suppose -2*w - 4*c - 8488 = -3*w, -w - 4*c = -8528. Let n = w - -13049. Is n prime?
True
Let j be 14/49 - 74754/(-21). Suppose 4*a + 23 = -m, 1 = -2*m - 2*a + 3*a. Is j - (0 - (m - -6)) composite?
True
Suppose 0 = 3*g - 6 - 6. Suppose -2*d + 7619 = 5*j + 2444, -g*d + j = -10295. Suppose -3*x + d = 130. Is x composite?
True
Let p be (24/(-20))/(68/(-80) - -1). Is (-170495)/(-13) + -3 + (-1 - p) a prime nu